{"id":11,"date":"2023-04-24T19:52:43","date_gmt":"2023-04-24T17:52:43","guid":{"rendered":"https:\/\/6212221.cpsw-fcsei.com\/MontVoyage_wordpress\/?page_id=11"},"modified":"2023-04-28T17:12:44","modified_gmt":"2023-04-28T15:12:44","slug":"equipes","status":"publish","type":"page","link":"http:\/\/6212221.cpsw-fcsei.com\/MontVoyage_wordpress\/equipes\/","title":{"rendered":"\u00c9quipes"},"content":{"rendered":"\n<h2 class=\"wp-block-heading has-text-align-center has-border-color-color has-text-color\"><strong>Jacques Hamel<\/strong><\/h2>\n\n\n\n<h2 class=\"wp-block-heading has-text-align-center\">                                    <strong>  <\/strong><\/h2>\n\n\n\n<figure class=\"wp-block-image alignwide size-large\"><img loading=\"lazy\" decoding=\"async\" width=\"1024\" height=\"683\" src=\"https:\/\/6212221.cpsw-fcsei.com\/MontVoyage_wordpress\/wp-content\/uploads\/2023\/04\/joshua-gresham-XrPhKW9ybjY-unsplash-1024x683.jpg\" alt=\"\" class=\"wp-image-77\" srcset=\"http:\/\/6212221.cpsw-fcsei.com\/MontVoyage_wordpress\/wp-content\/uploads\/2023\/04\/joshua-gresham-XrPhKW9ybjY-unsplash-1024x683.jpg 1024w, http:\/\/6212221.cpsw-fcsei.com\/MontVoyage_wordpress\/wp-content\/uploads\/2023\/04\/joshua-gresham-XrPhKW9ybjY-unsplash-300x200.jpg 300w, http:\/\/6212221.cpsw-fcsei.com\/MontVoyage_wordpress\/wp-content\/uploads\/2023\/04\/joshua-gresham-XrPhKW9ybjY-unsplash-768x512.jpg 768w, http:\/\/6212221.cpsw-fcsei.com\/MontVoyage_wordpress\/wp-content\/uploads\/2023\/04\/joshua-gresham-XrPhKW9ybjY-unsplash-1536x1024.jpg 1536w, http:\/\/6212221.cpsw-fcsei.com\/MontVoyage_wordpress\/wp-content\/uploads\/2023\/04\/joshua-gresham-XrPhKW9ybjY-unsplash-2048x1365.jpg 2048w\" sizes=\"auto, (max-width: 1024px) 100vw, 1024px\" \/><\/figure>\n\n\n\n<p class=\"has-text-align-center has-border-color-color has-text-color\">Jacques Hamel, \u00e2g\u00e9 de 56 ans, fondateur de MontVoyage, est un randonneur chevronn\u00e9 avec plus de 20 ans d&rsquo;exp\u00e9rience dans la randonn\u00e9e \u00e0 travers diff\u00e9rents pays. Passionn\u00e9 de la nature et de l&rsquo;aventure, il a parcouru des sentiers dans des paysages spectaculaires \u00e0 travers le monde. Il aime ressentir l&rsquo;adr\u00e9naline et vivre des sensations fortes tout en admirant la beaut\u00e9 de la nature. Sa passion pour la randonn\u00e9e l&rsquo;a conduit \u00e0 d\u00e9couvrir des endroits cach\u00e9s et \u00e0 vivre des exp\u00e9riences uniques. Jacques est un fervent d\u00e9fenseur de la protection de la nature et de l&rsquo;environnement, et il esp\u00e8re que ses aventures inspireront d&rsquo;autres personnes \u00e0 explorer et \u00e0 appr\u00e9cier la nature.<\/p>\n\n\n\n<h2 class=\"wp-block-heading has-text-align-center has-border-color-color has-text-color\"><strong>Sophie Patel<\/strong><\/h2>\n\n\n\n<figure class=\"wp-block-image alignwide size-large\"><img loading=\"lazy\" decoding=\"async\" width=\"1024\" height=\"768\" src=\"https:\/\/6212221.cpsw-fcsei.com\/MontVoyage_wordpress\/wp-content\/uploads\/2023\/04\/maria-moresco-Wzxs0jF2lp0-unsplash-1024x768.jpg\" alt=\"\" class=\"wp-image-180\" srcset=\"http:\/\/6212221.cpsw-fcsei.com\/MontVoyage_wordpress\/wp-content\/uploads\/2023\/04\/maria-moresco-Wzxs0jF2lp0-unsplash-1024x768.jpg 1024w, http:\/\/6212221.cpsw-fcsei.com\/MontVoyage_wordpress\/wp-content\/uploads\/2023\/04\/maria-moresco-Wzxs0jF2lp0-unsplash-300x225.jpg 300w, http:\/\/6212221.cpsw-fcsei.com\/MontVoyage_wordpress\/wp-content\/uploads\/2023\/04\/maria-moresco-Wzxs0jF2lp0-unsplash-768x576.jpg 768w, http:\/\/6212221.cpsw-fcsei.com\/MontVoyage_wordpress\/wp-content\/uploads\/2023\/04\/maria-moresco-Wzxs0jF2lp0-unsplash-1536x1152.jpg 1536w, http:\/\/6212221.cpsw-fcsei.com\/MontVoyage_wordpress\/wp-content\/uploads\/2023\/04\/maria-moresco-Wzxs0jF2lp0-unsplash-2048x1536.jpg 2048w\" sizes=\"auto, (max-width: 1024px) 100vw, 1024px\" \/><\/figure>\n\n\n\n<p class=\"has-text-align-center has-border-color-color has-text-color\">Sophie Patel est une randonneuse passionn\u00e9e avec 11 ans d&rsquo;exp\u00e9rience sur les sentiers. Elle a commenc\u00e9 \u00e0 l&rsquo;\u00e2ge de 18 ans et depuis lors, elle n&rsquo;a jamais cess\u00e9 de parcourir les montagnes, les for\u00eats et les rivi\u00e8res \u00e0 travers le monde. Sophie est une photographe accomplie qui aime capturer la beaut\u00e9 de la nature lors de ses randonn\u00e9es. Elle consid\u00e8re la photographie comme une mani\u00e8re de partager avec les autres les merveilles qu&rsquo;elle d\u00e9couvre. Sophie est \u00e9galement une fervente d\u00e9fenseure de l&rsquo;environnement et veille toujours \u00e0 laisser les sentiers dans l&rsquo;\u00e9tat o\u00f9 elle les a trouv\u00e9s. Elle esp\u00e8re inspirer les autres \u00e0 explorer la nature tout en respectant l&rsquo;environnement.<\/p>\n\n\n\n<h2 class=\"wp-block-heading has-text-align-center has-border-color-color has-text-color\">                                           <strong> Lucas Ramirez<\/strong><\/h2>\n\n\n\n<p><\/p>\n\n\n\n<p><\/p>\n\n\n\n<figure class=\"wp-block-image alignwide size-large\"><img loading=\"lazy\" decoding=\"async\" width=\"1024\" height=\"683\" src=\"https:\/\/6212221.cpsw-fcsei.com\/MontVoyage_wordpress\/wp-content\/uploads\/2023\/04\/ali-kazal-N5ENoZVJDNs-unsplash-1024x683.jpg\" alt=\"\" class=\"wp-image-74\" srcset=\"http:\/\/6212221.cpsw-fcsei.com\/MontVoyage_wordpress\/wp-content\/uploads\/2023\/04\/ali-kazal-N5ENoZVJDNs-unsplash-1024x683.jpg 1024w, http:\/\/6212221.cpsw-fcsei.com\/MontVoyage_wordpress\/wp-content\/uploads\/2023\/04\/ali-kazal-N5ENoZVJDNs-unsplash-300x200.jpg 300w, http:\/\/6212221.cpsw-fcsei.com\/MontVoyage_wordpress\/wp-content\/uploads\/2023\/04\/ali-kazal-N5ENoZVJDNs-unsplash-768x512.jpg 768w, http:\/\/6212221.cpsw-fcsei.com\/MontVoyage_wordpress\/wp-content\/uploads\/2023\/04\/ali-kazal-N5ENoZVJDNs-unsplash-1536x1024.jpg 1536w, http:\/\/6212221.cpsw-fcsei.com\/MontVoyage_wordpress\/wp-content\/uploads\/2023\/04\/ali-kazal-N5ENoZVJDNs-unsplash-2048x1365.jpg 2048w\" sizes=\"auto, (max-width: 1024px) 100vw, 1024px\" \/><\/figure>\n\n\n\n<p class=\"has-text-align-center has-border-color-color has-text-color\">Lucas Ramirez est un passionn\u00e9 des voyages d&rsquo;aventure et de la randonn\u00e9e, \u00e2g\u00e9 de 34 ans avec 6 ans d&rsquo;exp\u00e9rience sur les sentiers. Il aime explorer des r\u00e9gions isol\u00e9es et rencontrer des personnes de diff\u00e9rentes cultures \u00e0 travers le monde. Lucas croit que les randonn\u00e9es sont des occasions uniques pour s&rsquo;impr\u00e9gner des cultures locales et des traditions des communaut\u00e9s qu&rsquo;il rencontre. Il consid\u00e8re que la randonn\u00e9e est une mani\u00e8re de se connecter avec la nature, de d\u00e9couvrir de nouveaux endroits et de vivre des exp\u00e9riences incroyables. Lucas est un fervent d\u00e9fenseur des pratiques durables et responsables en mati\u00e8re de tourisme et encourage toujours les autres \u00e0 respecter l&rsquo;environnement lorsqu&rsquo;ils voyagent.<\/p>\n","protected":false},"excerpt":{"rendered":"<p>Jacques Hamel Jacques Hamel, \u00e2g\u00e9 de 56 ans, fondateur de MontVoyage, est un randonneur chevronn\u00e9 avec plus de 20 ans d&rsquo;exp\u00e9rience dans la randonn\u00e9e \u00e0 travers diff\u00e9rents pays. Passionn\u00e9 de la nature et de l&rsquo;aventure, il a parcouru des sentiers dans des paysages spectaculaires \u00e0 travers le monde. Il aime ressentir l&rsquo;adr\u00e9naline et vivre des [&hellip;]<\/p>\n","protected":false},"author":1,"featured_media":0,"parent":0,"menu_order":0,"comment_status":"closed","ping_status":"closed","template":"","meta":{"footnotes":""},"class_list":["post-11","page","type-page","status-publish","hentry"],"_links":{"self":[{"href":"http:\/\/6212221.cpsw-fcsei.com\/MontVoyage_wordpress\/wp-json\/wp\/v2\/pages\/11","targetHints":{"allow":["GET"]}}],"collection":[{"href":"http:\/\/6212221.cpsw-fcsei.com\/MontVoyage_wordpress\/wp-json\/wp\/v2\/pages"}],"about":[{"href":"http:\/\/6212221.cpsw-fcsei.com\/MontVoyage_wordpress\/wp-json\/wp\/v2\/types\/page"}],"author":[{"embeddable":true,"href":"http:\/\/6212221.cpsw-fcsei.com\/MontVoyage_wordpress\/wp-json\/wp\/v2\/users\/1"}],"replies":[{"embeddable":true,"href":"http:\/\/6212221.cpsw-fcsei.com\/MontVoyage_wordpress\/wp-json\/wp\/v2\/comments?post=11"}],"version-history":[{"count":9,"href":"http:\/\/6212221.cpsw-fcsei.com\/MontVoyage_wordpress\/wp-json\/wp\/v2\/pages\/11\/revisions"}],"predecessor-version":[{"id":241,"href":"http:\/\/6212221.cpsw-fcsei.com\/MontVoyage_wordpress\/wp-json\/wp\/v2\/pages\/11\/revisions\/241"}],"wp:attachment":[{"href":"http:\/\/6212221.cpsw-fcsei.com\/MontVoyage_wordpress\/wp-json\/wp\/v2\/media?parent=11"}],"curies":[{"name":"wp","href":"https:\/\/api.w.org\/{rel}","templated":true}]}}